is the highest common factor of 88 and 99?
11
What is the greatest common factor of 13 and 1?
1
Calculate the highest common factor of 90 and 7542.
18
Calculate the greatest common divisor of 8033 and 58.
29
What is the highest common factor of 272 and 1530?
34
What is the highest common factor of 1004 and 6275?
251
Calculate the greatest common factor of 812 and 392.
28
Calculate the highest common divisor of 147 and 5635.
49
Calculate the greatest common factor of 54 and 6939.
27
What is the greatest common divisor of 100 and 140?
20
What is the greatest common divisor of 32 and 10144?
32
Calculate the greatest common divisor of 34 and 442.
34
Calculate the greatest common factor of 51 and 2397.
51
What is the highest common factor of 140 and 364?
28
Calculate the highest common divisor of 8 and 904.
8
What is the highest common factor of 63 and 243?
9
Calculate the greatest common factor of 1407 and 14.
7
What is the greatest common divisor of 2 and 10?
2
Calculate the highest common divisor of 14 and 3512.
2
Calculate the greatest common divisor of 19 and 247.
19
Calculate the greatest common factor of 182 and 70.
14
Calculate the highest common divisor of 2 and 158.
2
What is the greatest common factor of 4041 and 15266?
449
Calculate the greatest common factor of 52 and 27404.
52
What is the greatest common factor of 54 and 297?
27
What is the greatest common factor of 1 and 4?
1
Calculate the highest common divisor of 540 and 1416.
12
What is the highest common divisor of 1892 and 516?
172
Calculate the greatest common divisor of 65 and 260.
65
Calculate the highest common divisor of 29 and 20039.
29
What is the greatest common divisor of 6 and 951?
3
What is the greatest common factor of 13 and 377?
13
What is the highest common divisor of 12 and 276?
12
Calculate the highest common divisor of 455 and 65.
65
Calculate the greatest common factor of 1376 and 224.
32
What is the highest common factor of 88 and 3?
1
Calculate the greatest common divisor of 70 and 56.
14
Calculate the greatest common factor of 26 and 221.
13
What is the greatest common divisor of 49 and 63?
7
Calculate the greatest common factor of 65934 and 222.
222
What is the greatest common divisor of 77 and 22?
11
Calculate the highest common factor of 195 and 480.
15
What is the highest common divisor of 7840 and 640?
160
Calculate the highest common factor of 50 and 2750.
50
What is the highest common divisor of 630 and 560?
70
Calculate the highest common factor of 23916 and 12.
12
What is the greatest common factor of 2125 and 500?
125
Calculate the greatest common divisor of 115 and 161.
23
Calculate the highest common factor of 6620 and 10.
10
Calculate the greatest common factor of 332 and 35026.
166
What is the highest common factor of 262 and 8?
2
What is the highest common factor of 567 and 6?
3
What is the greatest common factor of 42 and 112?
14
What is the greatest common divisor of 135 and 720?
45
Calculate the greatest common factor of 1216 and 1368.
152
What is the highest common divisor of 5 and 1085?
5
What is the highest common factor of 228 and 38874?
114
Calculate the highest common factor of 48 and 49.
1
What is the greatest common divisor of 690 and 30?
30
What is the highest common divisor of 23 and 25?
1
What is the highest common divisor of 8950 and 250?
50
Calculate the greatest common divisor of 125 and 55.
5
What is the greatest common factor of 188 and 12?
4
Calculate the greatest common divisor of 17 and 26639.
17
Calculate the greatest common factor of 3768 and 24.
24
What is the highest common factor of 125 and 20?
5
What is the greatest common factor of 40 and 9440?
40
Calculate the greatest common factor of 366 and 102.
6
Calculate the highest common divisor of 432 and 16.
16
Calculate the highest common factor of 24 and 11820.
12
What is the highest common factor of 216 and 288?
72
Calculate the highest common divisor of 7614 and 567.
81
Calculate the greatest common divisor of 14 and 2730.
14
What is the greatest common divisor of 93 and 3?
3
What is the highest common factor of 56 and 175?
7
What is the highest common divisor of 22 and 11?
11
What is the greatest common factor of 740 and 320?
20
Calculate the highest common divisor of 286 and 5746.
26
Calculate the greatest common factor of 7780 and 60.
20
What is the highest common factor of 5 and 11825?
5
Calculate the highest common divisor of 8 and 24.
8
Calculate the greatest common divisor of 6560 and 320.
160
What is the highest common factor of 26 and 221?
13
What is the greatest common divisor of 424 and 265?
53
Calculate the highest common divisor of 76931 and 19.
19
Calculate the highest common factor of 2134 and 44.
22
Calculate the greatest common factor of 156 and 228.
12
What is the greatest common divisor of 159 and 27?
3
Calculate the greatest common divisor of 11 and 253.
11
What is the highest common factor of 904 and 12?
4
What is the greatest common divisor of 1156 and 1360?
68
What is the highest common divisor of 1164 and 224?
4
Calculate the greatest common factor of 288 and 279.
9
What is the greatest common divisor of 320 and 1872?
16
Calculate the greatest common factor of 355 and 497.
71
What is the greatest common divisor of 52224 and 24?
24
Calculate the highest common factor of 625 and 50.
25
Calculate the greatest common divisor of 24 and 71.
1
Calculate the highest common factor of 128 and 400.
16
Calculate the greatest common factor of 81 and 3.
3
Calculate the highest common factor of 1503 and 27.
9
What is the greatest common factor of 50 and 775?
25
What is the greatest common divisor of 678 and 18?
6
What is the highest common factor of 51 and 17?
17
Calculate the highest common divisor of 17797 and 26.
13
Calculate the highest common factor of 255 and 850.
85
What is the highest common factor of 1253 and 3401?
179
Calculate the greatest common divisor of 364 and 28.
28
Calculate the greatest common factor of 2944 and 46.
46
What is the highest common divisor of 980 and 5096?
196
What is the highest common factor of 297 and 374?
11
Calculate the greatest common factor of 50 and 250.
50
Calculate the greatest common factor of 534 and 6.
6
Calculate the greatest common factor of 5 and 315.
5
What is the highest common divisor of 495 and 45?
45
Calculate the greatest common divisor of 441 and 49.
49
What is the highest common factor of 30 and 6?
6
Calculate the greatest common factor of 354 and 6.
6
Calculate the highest common divisor of 17 and 68.
17
What is the greatest common divisor of 13 and 4459?
13
What is the greatest common divisor of 27 and 351?
27
What is the highest common factor of 168 and 42?
42
What is the greatest common factor of 10633 and 124?
31
What is the highest common factor of 554 and 8033?
277
What is the highest common factor of 21 and 1988?
7
What is the highest common factor of 832 and 234?
26
What is the greatest common divisor of 34 and 782?
34
What is the highest common divisor of 101299 and 11?
11
What is the highest common factor of 51 and 3?
3
What is the greatest common factor of 28 and 1036?
28
What is the greatest common divisor of 87 and 21141?
87
What is the highest common factor of 9707 and 34?
17
What is the highest common factor of 520 and 880?
40
Calculate the highest common factor of 12 and 78.
6
What is the greatest common factor of 153 and 3179?
17
Calculate the highest common divisor of 776 and 68.
4
Calculate the highest common factor of 2350 and 94.
94
What is the greatest common factor of 432 and 45?
9
What is the greatest common divisor of 17 and 697?
17
Calculate the greatest common factor of 11 and 407.
11
Calculate the highest common factor of 118 and 1003.
59
What is the highest common divisor of 910 and 280?
70
What is the highest common factor of 5063 and 61?
61
What is the greatest common divisor of 12 and 20?
4
What is the highest common factor of 836 and 22?
22
Calculate the greatest common factor of 12 and 516.
12
Calculate the greatest common divisor of 10 and 1250.
10
Calculate the highest common divisor of 130 and 5564.
26
What is the greatest common divisor of 10 and 88?
2
What is the highest common factor of 3443 and 11?
11
What is the greatest common factor of 22 and 1034?
22